39 - l. Suppose a = g - 747. Is g a composite number?
True
Let w be (-9)/((-628)/(-1268) - 3/6). Let t = w + 147. Is t composite?
True
Let i(s) = 78*s**2 + 82*s - 427. Is i(8) prime?
False
Let y(c) = -c + 9. Let f be y(7). Let s be (-60 - -64)/(1 - 0). Suppose 3*b + 214 = -s*h + 545, f*b = h - 91. Is h composite?
True
Suppose d = 5*r + 85096, 2*d - 40*r + 44*r - 170262 = 0. Is d a composite number?
False
Suppose 606 = 3*n + 4731. Let x = 2462 + n. Is x prime?
True
Let i be (20/(-100))/((-2)/(-10)). Is (-3 - i)*(-6521)/2 composite?
False
Suppose -5*o = -3*o - 622. Suppose -16*l - 3384 = -20*l. Let q = l - o. Is q composite?
True
Suppose 20798776 + 33142261 = 99*k - 9231952. Is k a composite number?
True
Suppose 3*m - 25662 = -3*l, 56*l + 2*m = 58*l - 17096. Is l composite?
True
Suppose 0 = 350*c - 343*c - 28. Suppose -c*q + 3778 = 5*z - 5963, q = -4*z + 7795. Is z composite?
False
Suppose 0 = -5*b + 2*h + 6541, -h + 3261 = 4*b - 1977. Let z = b + 1690. Is z prime?
True
Let k(g) = 165*g**3 - 7*g**2 - 1. Let i = -111 - -114. Is k(i) a composite number?
False
Let l(h) = -113*h**3 - 11*h**2 - 24*h - 207. Let p(o) = 28*o**3 + 3*o**2 + 6*o + 52. Let b(i) = -2*l(i) - 9*p(i). Is b(-5) prime?
False
Let y be (-86)/(-2) + (4/(-2))/2. Let u = -37 + y. Suppose m - u*s + 609 = 3*m, -3*s - 617 = -2*m. Is m a prime number?
True
Let c(x) = x**3 + 115*x**2 - 4*x - 173. Is c(-79) composite?
True
Suppose 0 = 2*y - z + 2*z - 5, 5*z = -5*y + 25. Suppose y*h + 55 = -5*h. Is ((-1)/(-3))/(((-55)/1410)/h) a composite number?
True
Suppose -110*o = 107*o + 42*o - 636218737. Is o prime?
False
Let h = -3132 - -4650. Let q = h - -901. Is q prime?
False
Suppose -617513 - 341483 = -2*j - m, -5*j + 2397489 = 2*m. Is j a composite number?
False
Let p be 0 + 40759 + -2 + 1. Let m = p - 28661. Suppose 0 = -2*q - a + 6033, 4*q - a = -28 + m. Is q prime?
False
Suppose 97*v = 94*v + 9, o = 4*v + 120461. Is o a prime number?
True
Suppose h + 14223 + 490915 = 4*i, 5*h + 252596 = 2*i. Is i a prime number?
False
Suppose -325906 = -2*w + 32340. Is w composite?
True
Suppose 0*g = 6*g + 6. Let y(a) = 886*a**2 - 11*a - 10. Is y(g) composite?
False
Suppose 274 = -5*o + 3*z, -38 = -4*o - 4*z - 270. Let y = o - -36. Is (-1)/(-2) + (-5)/(y/482) composite?
True
Let s(b) = 25*b**3 + 35*b**2 + 116*b - 1514. Is s(18) prime?
False
Is (-20)/14 + 28/(-49) + 117991 + 0 composite?
False
Let t = -206 + 245. Is (-1 + 0)/(t/(-944853)) composite?
True
Suppose -16 = -9*f + 11. Let q(u) = -18*u + 2 - u**2 - 2*u**2 + f - 23*u**3 + 13*u. Is q(-3) prime?
False
Let o(x) = x**3 + x - 4. Let g be o(3). Suppose -g - 2 = -7*m. Suppose 2*u - 3*n - 1301 = -2*u, -2*u = -m*n - 638. Is u a prime number?
False
Suppose -5 = 2*u + 3*j, 3*u - j + 3 = 6*u. Let m(t) = 17*t**2 - 6*t + 26. Let o(r) = -34*r**2 + 12*r - 53. Let l(i) = u*o(i) + 5*m(i). Is l(5) a prime number?
True
Let j = -102410 + 59365. Is (10 - 14)/(20/j) prime?
True
Let v = 18442 + -6123. Is v prime?
False
Suppose 3*a + 19 = 2*k, k - 9 + 16 = -4*a. Let v(w) = -135*w + 26. Let y(m) = 67*m - 13. Let j(g) = 4*v(g) + 7*y(g). Is j(a) a prime number?
False
Is (2630812/(-6))/(-2) - 18/(-135)*-10 prime?
False
Suppose 11 = -6*f - 5*f. Let l be f*735/((-12)/4). Suppose -4*w = 3*v - l, -237 = -4*v + 5*w + 100. Is v composite?
False
Let r be 180961 - (-5 + 17)/(-6). Suppose 8*f = -f + r. Is f prime?
True
Is 30 - (-8841)/(-294) - 198479/(-14) composite?
False
Let n(b) = 771*b**2 - 11*b + 172. Is n(-6) a composite number?
True
Suppose 12*q + 54*q = 36*q + 9710970. Is q a prime number?
True
Let c = -8084 - -4043. Let s = 9716 + c. Suppose 5*t = -4*m + s, -5*m + 10*m - 7090 = -5*t. Is m a prime number?
False
Let t(x) = 21*x**2 + x + 25. Suppose -8*b + 13*b = 305. Let u = b + -52. Is t(u) a composite number?
True
Let b(g) = 1637*g**3 - 2*g. Let r be b(1). Let t = -1049 + r. Suppose -t = -3*a + a. Is a composite?
False
Let o(f) be the first derivative of -f**4/4 - 8*f**3 + 29*f**2/2 + 31*f - 106. Is o(-26) composite?
True
Let u(b) = -2*b - 11*b**2 + 0*b - 14 - 4*b + 14*b**3 - 22*b**3. Is u(-9) a prime number?
False
Let t(m) = -38*m - 15. Let k(r) = r + 1. Let b(s) = -4*k(s) + t(s). Let y be b(5). Let g = -126 - y. Is g a prime number?
True
Let b(j) = 371*j**3 + 2*j - 3 + 402*j**3 + 2*j**2 + 899*j**3. Let z be b(1). Let m = 3942 - z. Is m a composite number?
False
Let d(c) = -10*c**2 - 34 - c + 22*c**2 + 30*c**2. Is d(9) a composite number?
False
Let w(o) = 2*o - 20. Suppose -14 = -2*n + 6. Let m be w(n). Suppose m = 3*v + 363 - 1905. Is v a prime number?
False
Suppose -16*m + 8435 = -11*m. Let i = m - 492. Is i prime?
False
Let y(p) = 2*p**2 + 19*p - 8. Let k be y(-10). Is (-20)/(10/k) - -1*1781 a composite number?
False
Let z(i) be the first derivative of 315*i**2/2 - 50*i - 55. Is z(11) a composite number?
True
Let q(d) = -17*d**2 - 3*d + 139. Let m(h) = 52*h**2 + 7*h - 417. Let o(s) = 3*m(s) + 8*q(s). Is o(12) composite?
True
Let t(d) = 2*d - 64. Let r be t(22). Let g be r/30 + (-22289)/(-3). Let k = g + -3114. Is k prime?
False
Let t = 121 - 23. Let n = 20 + t. Is n a prime number?
False
Is -2 + ((-5182638)/(-9) - 4) + 14/(-21) composite?
True
Let p(j) = 7*j**3 + 3*j**2 + 33*j - 3. Let n be p(11). Suppose 2*g - 13974 - n = 0. Is g a prime number?
True
Let u = 61 + -61. Suppose 3*t - 3*v = 756, -2*t + 3*v + 406 + 96 = u. Is t/(-6)*(4 + -7) a prime number?
True
Suppose -431*u + 413*u + 86634 = 0. Is u prime?
True
Suppose -30 = 12*v - 54. Suppose -v*a + 10213 = 19. Is a a prime number?
False
Let g(s) = s**3 - 16*s**2 - s + 16. Let j be g(16). Let o be (0 - (j - 3)) + -77. Let i = o + 201. Is i a prime number?
True
Let q(h) = -15995*h + 3328. Is q(-9) a prime number?
True
Let m = 29287 + -10476. Is m prime?
False
Let c be 36/63 - (-12)/(-21). Suppose c = 37*g - 55*g + 114282. Is g prime?
False
Let v be 12/((-77)/28 + 3/1). Suppose v*z - 41*z = 24367. Is z a composite number?
True
Suppose 268*c = -181*c + 357874 + 1654095. Is c composite?
False
Let k(d) = -1984*d**3 - 3*d**2 - 5*d - 7. Is k(-3) composite?
False
Suppose -172*n - 7998127 + 48843561 + 871962 = 0. Is n a composite number?
True
Let w(u) = -4*u + 36. Suppose 0 = 5*h + p - 46, 2*h = 4*p + 6 + 8. Let t be w(h). Is (-1 + t/(-2))/(-2)*4198 a prime number?
True
Let y(t) = 366*t - 2 - 51*t - 2 - 3. Is y(2) composite?
True
Let o(q) = 234*q**2 + 15*q + 89. Let n(k) = -117*k**2 - 8*k - 45. Let f(y) = y**2 + 8*y + 10. Let c be f(-7). Let t(l) = c*o(l) + 5*n(l). Is t(-5) prime?
False
Suppose -b = i + 48534, 11*b - 8*b - 2*i + 145622 = 0. Let r = b - -144783. Is r a composite number?
True
Let c be 256/26 - (-2)/13. Let o be 73116/15 - 2/5. Suppose c*s - o + 444 = 0. Is s prime?
True
Let g be (-1130)/(-5)*(-21)/(-14). Suppose 0 = 4*u + 5*j - 1350, u + 5*j = 3*j + g. Is u prime?
False
Suppose 0 = 32*q - 26028591 + 4750159. Is q a composite number?
True
Let x(r) = 6*r**3 + 36*r**2 - 24*r + 119. Is x(24) prime?
False
Suppose 83 = 3*j + 5. Suppose 3*p = -4*o + 47, 2*o + 8 - j = 4*p. Suppose o*a + 261 - 2714 = 0. Is a composite?
False
Let m(f) = f**2 + 10. Let j be m(-4). Let p = 31 - j. Suppose -w = -z - 214, -3*z + 2*z - 1050 = -p*w. Is w composite?
True
Suppose 4*k - 12215 = n + 1525203, 0 = -4*k - n + 1537422. Is k a prime number?
False
Let h = 17028 - 3042. Let f(i) = i**3 + i + 6491. Let y be f(0). Let c = h - y. Is c prime?
False
Let c(y) = 8743*y - 146. Is c(3) composite?
False
Suppose 0 = -99*m + 64*m - 210. Is 44877/(-28)*2*8/m prime?
False
Let x(g) = 957*g - 12. Let y(q) = -1913*q + 25. Let t(m) = -5*x(m) - 2*y(m). Is t(-11) a prime number?
True
Is 18792/1 - ((-2)/8 - (-105)/20) composite?
False
Let g be -2 + 4*(-5)/10. Let j = 5 - 25. Is (g - (-1 - j/(-8)))*-2222 a composite number?
True
Let o(y) = 218*y**2 - 3*y + 23. Let k be o(3). Suppose 5*v + 5*c - k - 3469 = 0, 5*v + 2*c = 5439. Is v a composite number?
False
Let q(f) = f**3 + 54*f**2 - 42*f - 7. Is q(-30) a composite number?
False
Let j(g) = -1085*g**3 + 2*g**2 - 2*g - 2. Let v = 153 - 80. Suppose 74*l - v*l = -1. Is j(l) a composite number?
False
Let w(x) = 629*x + 40. Let r be w(5). Suppose -11293 + r = 3*p - 5*y, 0 = -2*p - 3*y - 5418. Let c = -1057 - p. Is c a composite number?
True
Suppose 18*x - 24*x + 42 = 0. Is -8 - -5 - x/(21/(-11370)) a composite number?
